 36 and g?
36
Suppose 3*q - 96 = -5*q. Calculate the highest common divisor of q and 36.
12
Let z(s) be the second derivative of 0 - 5/6*s**3 - 5*s + 1/2*s**2. Let n be z(-2). What is the greatest common factor of n and 11?
11
Let k be 3/4 + (-2)/((-32)/100). Let t be ((-66)/9)/(2/(-21)). Calculate the highest common factor of t and k.
7
Suppose -10*j + 13*j - 141 = 0. Let k = 56 - j. What is the highest common factor of k and 81?
9
Let a = -23 + 19. Let d be ((-6)/4)/(2/a). Suppose 0 = d*o - 10 - 5. What is the greatest common factor of o and 5?
5
Let s be ((-136)/(-10))/(3/((-150)/(-4))). What is the greatest common divisor of 68 and s?
34
Suppose -3*x = -2*x. Suppose 4*b + 6 = -2*q - x*q, -20 = 4*q. Let u be -6*(-1)/b*2. Calculate the greatest common factor of 132 and u.
12
Let l(i) = -2*i - 4 + 67*i**2 - 66*i**2 + 2 - 179*i**3. Let u be l(-1). Calculate the highest common divisor of 20 and u.
20
Let g(n) = -n**2 + 11*n + 6. Let d be g(8). Let c be (-35)/(-14) - 1/(-2). Let v be 0 + 13 - (c + -2). What is the highest common factor of d and v?
6
Suppose -104 = -3*v + 5*f, -87 = -4*v - 4*f + 9. Let u be (-21)/(-14)*v/3. Let a = -140 - -196. What is the greatest common factor of a and u?
14
Suppose 3*r + 171 = -2*j + 4*j, 4*j - 348 = 4*r. What is the highest common factor of j and 36?
18
Let n(u) = u**3 - 7*u**2 - 6*u + 3. Let a be n(8). Let i be 172 + 4/(-2) - -1. Calculate the greatest common factor of i and a.
19
Let j(k) = 8*k**3 + k**2. Let r be j(1). Calculate the highest common factor of 333 and r.
9
Suppose 0 = -3*j + 15*j - 5016. Let k be (-228)/9*(-3)/2. What is the greatest common factor of j and k?
38
Let f = 1369 - 873. Calculate the highest common divisor of f and 16.
16
Suppose 3*v - p = -3 + 32, -p = 2*v - 21. What is the greatest common factor of 125 and v?
5
Suppose 2*k = 2*m + 302, -k - 5*m + 137 = -26. Calculate the greatest common factor of 17 and k.
17
Let g(j) = -j**3 - 3*j**2 - j - 2. Let b be g(-4). Let m be (-338)/(-12) + (-3)/b. Suppose n = 1 + m. Calculate the greatest common divisor of n and 58.
29
Suppose 8*y - 250 = 3*y. Let t be 12/(-3) - (-2 + -6). Suppose 0 = z + 1 - 3, -t*j + 76 = -2*z. Calculate the highest common factor of j and y.
10
Let u be (1*-1 + -9)*1406/(-148). What is the highest common factor of u and 38?
19
Let v(x) = 7*x**2 + 21*x - 5. Let f be v(15). Suppose -3*k - f = -8*k. Suppose k + 151 = 4*r. What is the greatest common divisor of r and 12?
12
Suppose -4 = w + 2*o, w + 0*o - 11 = 3*o. Suppose w*r - 9 = 31. Calculate the highest common factor of 4 and r.
4
Let l(u) = -u**3 + 16*u**2 + 19*u - 25. Let o be l(17). Let t(w) = -w**2 + 11*w - 6. Let m be t(o). What is the greatest common divisor of 36 and m?
12
Let m(y) = -2*y**2 + 38*y + 14. Let b be m(0). Calculate the greatest common factor of 581 and b.
7
Suppose -142*y + 139*y = -2562. What is the greatest common divisor of y and 14?
14
Suppose 0*p + 2*l = 4*p - 20, -4*p - 4*l = -8. Let u = 55 + -47. Let v = u - 6. What is the highest common factor of p and v?
2
Let i(z) = -z - 8. Suppose -4*p = -u + 35, 0 = -3*p + 2*u - 3*u - 35. Let d be i(p). Let v be 380/3 - d/3. Calculate the highest common factor of 14 and v.
14
Let w be ((-285)/15)/((-1)/5). Calculate the greatest common factor of w and 40.
5
Let p = -116 - -120. Suppose -1126 - 326 = -p*m. Suppose 0 = -0*r + r - 33. Calculate the highest common factor of m and r.
33
Suppose 5*p + 96 = 696. Suppose -60 = -0*g - 2*g. Calculate the highest common divisor of g and p.
30
Suppose -d + 42 - 22 = 0. Let t(y) = -3*y - 2. Let o be t(-4). What is the highest common divisor of d and o?
10
Let p(o) = -42*o - 1. Let x be p(-2). Suppose -4*l = -x + 3. Let c be l + 5/(15/(-9)). What is the highest common divisor of 17 and c?
17
Let u(t) = -15*t - 77. Let o be u(-15). What is the greatest common divisor of o and 4?
4
Let j be ((-8)/5)/(7*10/(-1050)). Let o = -192 + 360. Calculate the greatest common divisor of j and o.
24
Let h = -599 + 2066. Calculate the highest common factor of h and 27.
9
Suppose 4*p + 178 = -4*a + 550, -5*p + 5*a + 435 = 0. Calculate the highest common divisor of 18 and p.
18
Let t(u) = -6*u - 4. Let j be t(-3). Suppose 3*c = j + 4. What is the highest common divisor of 2 and c?
2
Suppose -6*j + 21 = -21. Let f be (16/3)/(-5*(-8)/420). Calculate the greatest common divisor of j and f.
7
Suppose x - 5*x - 160 = 0. Let i be x/(-6)*54/5. Suppose -2*o + 28 = -4*d + 7*d, 5*d + 2*o - 44 = 0. What is the greatest common factor of i and d?
8
Suppose 6*c - 9056 = 4132. Calculate the highest common divisor of c and 14.
14
Suppose 4*v = -5*k + 12, 5*k + 2*v + v = 9. Suppose -2*d - 2*d + 364 = k. Let s = d - 55. What is the highest common divisor of 9 and s?
9
Let n = -1741 - -1877. Calculate the highest common factor of n and 68.
68
Let r be (-276)/(-34) - (-16)/(-136). Let y(n) = 2*n - 4. Let s be y(6). Calculate the highest common divisor of s and r.
8
Let q(w) = -52*w + 13. Let o be q(-5). Suppose 4*f - g = 231, 5*f - o = -4*g - 0*g. Suppose -4*c + f = -3*c. Calculate the highest common divisor of c and 19.
19
Let m be (-5)/15*3 - -1. Suppose m = -0*n + 5*n - 3*p - 25, n + 3*p - 5 = 0. What is the greatest common factor of n and 10?
5
Suppose 65*c + 330 = 98*c. What is the greatest common factor of 32 and c?
2
Suppose 47 - 167 = 2*w. Let f = w + 80. Suppose -y - 20 = -2*y. Calculate the highest common divisor of y and f.
20
Let l be 1/(-2) + (-12)/(-8). Let n be (16/(-8))/((-2)/40) - l. Calculate the greatest common divisor of 26 and n.
13
Let y(a) = 2*a**3 - 26*a**2 + 4*a - 17. Let n be y(13). Calculate the highest common factor of n and 140.
35
Suppose 429 = -41*u + 52*u. Calculate the highest common divisor of 377 and u.
13
Let f = -152 + 178. Calculate the greatest common factor of 26 and f.
26
Suppose 6*b - 3*b - 243 = 0. Let u be 12/(-54) + 1*(-249)/(-27). Calculate the greatest common factor of b and u.
9
Suppose -22*x + 17*x + 280 = 0. What is the highest common divisor of 14 and x?
14
Let n be -55*13/(-130) + 6/(-4). Calculate the highest common factor of 128 and n.
4
Let w = -38 + 93. Let b = w + 47. What is the greatest common divisor of 34 and b?
34
Let p(v) = v**2 + v + 80. Let z be p(0). Suppose 5*o - o - z = -2*m, -o + 34 = 4*m. Calculate the greatest common divisor of o and 90.
18
Let a(z) = 2*z**2 - 4 - z**2 - 13*z - 5*z**2 + 3*z**2. Let c be a(-11). What is the greatest common factor of 18 and c?
18
Suppose v - 3 = 0, -2*f - 5*v - 185 = -6*f. Calculate the greatest common divisor of 1075 and f.
25
Let t = 30 - 30. Suppose -4*u - 2*b + 91 + 127 = t, 56 = u + 2*b. What is the greatest common divisor of 18 and u?
18
Let c = 200 - 109. Let r be c/(4 + (-3)/1). Let p = 18 - 5. Calculate the highest common divisor of r and p.
13
Let t be ((-35)/(-14))/5*92. Calculate the highest common factor of 253 and t.
23
Suppose 2*m - 20 = 7*m. Let r = m - -5. Let p be -3 - (-89*2 - r). Calculate the highest common divisor of p and 16.
16
Let n(h) = h**3 - 5*h**2 - 6*h - 7. Let o be n(-5). Let r = -117 - o. What is the greatest common factor of 22 and r?
22
Let j = -699 + 732. What is the highest common factor of j and 660?
33
Let s(j) = 3*j**2 + 136*j - 854. Let x be s(6). Let u be 1*(0 + 28 + 0). Calculate the highest common divisor of u and x.
14
Let t = 16 + -11. Let y(g) = -g**2 - 7*g - 12. Let j be y(-8). Let q be j/(-12) - (-2)/6. Calculate the greatest common factor of q and t.
1
Let r = 11 - -80. Let b be -3*1/(-1) - -2. Suppose -b*c + 33 + 32 = 0. Calculate the highest common factor of c and r.
13
Suppose -24*g + 22*g - 16 = 0. Let u be 2/g + (-206)/8. Let m = u + 37. What is the greatest common factor of 77 and m?
11
Suppose -5*w - 2 + 104 = -3*y, 3*w + 3*y - 42 = 0. Let d be 186/(-2)*(-6 + 96/w). What is the highest common factor of d and 248?
62
Let n(h) = -h + 5. Suppose 3*w = 18*w + 75. Let v be n(w). What is the greatest common divisor of 90 and v?
10
Let k be ((-620)/(-5))/((-10)/(-20)). What is the greatest common factor of 93 and k?
31
Suppose -2*b = -b - 20. Let k be (-4)/(4/(4 - b)). Let i = -33 + 41. Calculate the greatest common factor of k and i.
8
Let x be 0 - ((8/3)/(-1))/((-15)/(-135)). Suppose 0 = q + 3*r - 7*r - 18, -5*r = 4*q - 135. Calculate the highes